{"id":128,"date":"2023-10-15T21:09:29","date_gmt":"2023-10-15T19:09:29","guid":{"rendered":"https:\/\/centarmarjanovac.com\/index.php\/rad-sa-obiteljima\/"},"modified":"2023-10-24T23:56:10","modified_gmt":"2023-10-24T21:56:10","slug":"rad-sa-obiteljima","status":"publish","type":"page","link":"https:\/\/centarmarjanovac.com\/index.php\/rad-sa-obiteljima\/","title":{"rendered":"Rad sa obiteljima"},"content":{"rendered":"<div class=\"wp-block-ub-expand ub-expand\" id=\"ub-expand-44079b62-43c1-481f-8bbe-02a7332d039d\" data-scroll-type=\"false\" data-scroll-amount=\"\" data-scroll-target=\"\">\n<div class=\"ub-expand-portion ub-expand-partial wp-block-ub-expand-portion\" id=\"ub-expand-partial-44079b62-43c1-481f-8bbe-02a7332d039d\" aria-hidden=\"false\">\n\t\t\t\n\n<p>Obitelj ovisnika je tako\u0111er\u00a0ovisnica\u00a0koja treba pro\u0107i svoj proces rehabilitacije kroz grupe samopomo\u0107i i uklju\u010divanjem u pojedine faze terapijskog procesa samih korisnika. Kroz grupe samopomo\u0107i i druge oblike podr\u0161ke susreli smo se i s roditeljima i \u010dlanovima obitelji koji su u svojoj obiteljskoj sredini do\u017eivjeli razornost tame i mraka ovisnosti. Na zajedni\u010dki hod uputila nas je vjera u ljudsko bi\u0107e, da je mogu\u0107e u njemu probuditi nadu i dovesti ga na trag novog \u017eivota u kojem se prihva\u0107a radost i bol, snaga i slabost. Razli\u010dite su bile situacije u kojima smo tu zajedni\u010dku nadu me\u0111usobno podupirali. Ta iskustva trajno nas inspiriraju za nove pothvate u posve novim okolnostima od individualnih razgovora sa \u010dlanovima obitelji ovisnika do organiziranja razli\u010ditih tribina i okruglih stolova \u0161to je dovelo\u00a0do\u00a0osnivanja Udru\u017eenja roditelja Biram \u017eivot u Banja Luci,\u00a0koje je i slu\u017ebeno registrirano i zapo\u010delo sa svojim novim oblikom rada 2013. godine.<\/p>\n\n\n\n<h4 class=\"wp-block-heading\">Obitelj ovisnika<\/h4>\n\n\n\n<p>Obitelj ovisnika je ona koja \u017eivi:<\/p>\n\n\n\n<ul class=\"wp-block-list\">\n<li>tjeskobu i agoniju<\/li>\n\n\n\n<li>dezinformacije<\/li>\n\n\n\n<li>sram<\/li>\n\n\n\n<li>precjenjivanje vlastitih snaga<\/li>\n\n\n\n<li>podcjenjivanje problema<\/li>\n\n\n\n<li>me\u0111usobno okrivljivanje<\/li>\n\n\n\n<li>pani\u010dno traganje za hitnim rje\u0161enjima<\/li>\n<\/ul>\n\n\n\n<p>Pitamo se: jesu li to razlozi da budu u dru\u0161tvu marginaliziranih, stigmatiziranih, da im bude oduzeto osnovno pravo na ljudsko dostojanstvo i pravo na pomo\u0107 dok se bore za one koje vole?<\/p>\n\n\n\n<p>Obitelji ovisnika, kao i sve druge obitelji tragaju za svojim korjenima, tra\u017ee u odre\u0111enom dru\u0161tvu prostora, \u017eele zdrave odnose i oni koji su direktno pro\u0161li kroz ovisnost i oni koje je dotakla indirektno.<\/p>\n\n\n\n<p>OBITELJI! PITA\u0160 SE \u0160TO I JE \u010cINITI?<\/p>\n\n\n\n<p>Ozbiljno pristupi problemu \u2013 ne podcjenjuj ga! Niste nipo\u0161to slabi\u0107i ako ne mo\u017eete sami izi\u0107i iz problema i zatra\u017eite stru\u010dnu pomo\u0107.<\/p>\n\n\n\n<p>VI IMATE ZADNJU RIJE\u010c A NE VA\u0160I PROBLEMI ILI OVISNOST! ZAPAMTITE: NEMA SAVR\u0160ENIH OBITELJI NI SAVR\u0160ENE DJECE.<\/p>\n\n\n\t\t\t<a id=\"ub-expand-toggle-partial-44079b62-43c1-481f-8bbe-02a7332d039d\" class=\"ub-expand-toggle-button\" style=\"text-align: left; \" role=\"button\" aria-expanded=\"false\" aria-controls=\"ub-expand-full-44079b62-43c1-481f-8bbe-02a7332d039d\" tabindex=\"0\">\n\t\t\t\tPro\u010ditaj vi\u0161e<br>\n\t\t\t<\/a>\n\t\t<\/div>\n\n<div class=\"ub-expand-portion ub-expand-full ub-hide wp-block-ub-expand-portion\" id=\"ub-expand-full-44079b62-43c1-481f-8bbe-02a7332d039d\" aria-hidden=\"true\">\n\t\t\t\n<div class=\"wp-block-ub-content-toggle wp-block-ub-content-toggle-block\" id=\"ub-content-toggle-block-8205b272-f058-417e-aed5-82ee8dc0f472\" data-mobilecollapse=\"false\" data-desktopcollapse=\"false\" data-preventcollapse=\"false\" data-showonlyone=\"false\">\n<div class=\"wp-block-ub-content-toggle-accordion\" style=\"border-color: #f1f1f1; \" id=\"ub-content-toggle-panel-block-\">\n\t\t\t<div class=\"wp-block-ub-content-toggle-accordion-title-wrap\" style=\"background-color: #f1f1f1;\" aria-controls=\"ub-content-toggle-panel-0-8205b272-f058-417e-aed5-82ee8dc0f472\" tabindex=\"0\">\n\t\t\t<p class=\"wp-block-ub-content-toggle-accordion-title ub-content-toggle-title-8205b272-f058-417e-aed5-82ee8dc0f472\" style=\"color: #000000; \">Izrealizirani projekti<\/p>\n\t\t\t<div class=\"wp-block-ub-content-toggle-accordion-toggle-wrap left\" style=\"color: #000000;\"><span class=\"wp-block-ub-content-toggle-accordion-state-indicator wp-block-ub-chevron-down open\"><\/span><\/div>\n\t\t<\/div>\n\t\t\t<div role=\"region\" aria-expanded=\"true\" class=\"wp-block-ub-content-toggle-accordion-content-wrap\" id=\"ub-content-toggle-panel-0-8205b272-f058-417e-aed5-82ee8dc0f472\">\n\n<h3 class=\"wp-block-heading\" id=\"yui_3_17_2_6_1435518693725_2943\">Projekat &#8220;Roditeljske ve\u010deri&#8221;<\/h3>\n\n\n\n<blockquote class=\"wp-block-quote is-layout-flow wp-block-quote-is-layout-flow\">\n<p>\u201cRoditeljstvo, vi\u0161e nego i jedna druga uloga u \u017eivotu, zahtijeva permanentno usavr\u0161avanje jer se stalno nalaze pred izazovima. Zato \u0107e projekt \u201cRoditeljske ve\u010deri\u201d svojom misijom i vizijom te\u017eit odr\u017eavanju obiteljskog kompasa na istinskim vrijednostima, koje dana\u0161njica vje\u0161to sakriva, njima manipulira ili ih pak omalova\u017eava.<br>Ulaskom mladih u period adolescencije mnogo toga se mijenja, a kvalitet odnosa djece i roditelja naj\u010de\u0161\u0107e se pogor\u0161ava, samo u rijetkim slu\u010dajevima postaje bolji i kvalitetniji. Od razine djetetova samopouzdanja do skladne obiteljske komunikacije stoji prostor koji stalno treba oslu\u0161kivati i oboga\u0107ivati. \u0160kola kao odgojno-obrazovna ustanova, ali i \u0161ira dru\u0161tvena zajednica i civilno dru\u0161tvo ni na tren, ne trebaju zaboraviti da svi u\u010denici ne moraju biti odli\u010dni \u0111aci, ali mogu biti dobri ljudi i zato trebaju podr\u0161ku nas odraslih.<br>Lepezu preventivnih programa neophodno je predstaviti i kroz neformalno obrazovanje \u0161to svakako jeste jedna od brojnih zada\u0107a i \u0161kole i dru\u0161tva u cjelini. Upravo zbog slo\u017eenosti ove problematike kao kvalitetan odgovor je uvijek interdisciplinarni pristup roditeljima, ali i samim srednjo\u0161kolcima koji se nalaze u vrlo specifi\u010dnoj dobi. S toga su Op\u0107a gimnazija K\u0160C Banja Luka i Centar Marjanovac odlu\u010dili ujediniti svoje snage i dati svoj doprinos na polju prevencije i trajnog u\u010denja.<br>Roditelji \u0107e projektom \u201cRoditeljske ve\u010deri\u201d kroz razmjenu iskustava, heuristi\u010dkim razgovorom i komunikacijom na jednom mjestu, oja\u010dati vje\u0161tine prihvatanja sebe, obratiti pa\u017enju na svoje snage i uva\u017eavati ih, realnije sagledavati svoje slabosti i pogre\u0161ke, mijenjati fokus, ustrajati u borbi s preprekama, postaviti realisti\u010dnija o\u010dekivanja, te razviti vje\u0161tine potrebne za uspjeh.\u201d<\/p>\n<cite>\u2014 Projekat \u201cRODITELJSKE VE\u010cERI\u201d &#8211; model trajnog u\u010denja kroz neformalno obrazovanje. \u201cDjecu treba odgajati od trenutka ra\u0111anja njihovih roditelja\u201d (autor nepoznat)<\/cite><\/blockquote>\n\n\n\n<p><\/p>\n\n<\/div>\n\t\t<\/div>\n<\/div>\n\n\t\t\t<a id=\"ub-expand-toggle-full-44079b62-43c1-481f-8bbe-02a7332d039d\" class=\"ub-expand-toggle-button\" style=\"text-align: left; \" role=\"button\" aria-expanded=\"true\" aria-controls=\"ub-expand-full-44079b62-43c1-481f-8bbe-02a7332d039d\" tabindex=\"0\">\n\t\t\t\tPro\u010ditaj manje\n\t\t\t<\/a>\n\t\t<\/div>\n<\/div>","protected":false},"excerpt":{"rendered":"","protected":false},"author":1,"featured_media":0,"parent":0,"menu_order":0,"comment_status":"closed","ping_status":"closed","template":"","meta":{"_regular_price":[],"currency_symbol":[],"two_page_speed":[],"footnotes":""},"class_list":["post-128","page","type-page","status-publish","hentry"],"featured_image_src":null,"post_slider_layout_featured_media_urls":{"thumbnail":"","post_slider_layout_landscape_large":"","post_slider_layout_portrait_large":"","post_slider_layout_square_large":"","post_slider_layout_landscape":"","post_slider_layout_portrait":"","post_slider_layout_square":"","full":""},"acf":[],"_links":{"self":[{"href":"https:\/\/centarmarjanovac.com\/index.php\/wp-json\/wp\/v2\/pages\/128","targetHints":{"allow":["GET"]}}],"collection":[{"href":"https:\/\/centarmarjanovac.com\/index.php\/wp-json\/wp\/v2\/pages"}],"about":[{"href":"https:\/\/centarmarjanovac.com\/index.php\/wp-json\/wp\/v2\/types\/page"}],"author":[{"embeddable":true,"href":"https:\/\/centarmarjanovac.com\/index.php\/wp-json\/wp\/v2\/users\/1"}],"replies":[{"embeddable":true,"href":"https:\/\/centarmarjanovac.com\/index.php\/wp-json\/wp\/v2\/comments?post=128"}],"version-history":[{"count":8,"href":"https:\/\/centarmarjanovac.com\/index.php\/wp-json\/wp\/v2\/pages\/128\/revisions"}],"predecessor-version":[{"id":919,"href":"https:\/\/centarmarjanovac.com\/index.php\/wp-json\/wp\/v2\/pages\/128\/revisions\/919"}],"wp:attachment":[{"href":"https:\/\/centarmarjanovac.com\/index.php\/wp-json\/wp\/v2\/media?parent=128"}],"curies":[{"name":"wp","href":"https:\/\/api.w.org\/{rel}","templated":true}]}}